 divided by h(y)?
15
Let a(p) = 8*p + 2. What is the remainder when a(3) is divided by 18?
8
Suppose 0 = 4*h - 4*y - 48, -3*h + 2*y + 3 = -34. Suppose 2*z = -4*a + 148, -z = a - 4*a + 106. What is the remainder when a is divided by h?
10
Suppose -4*a + 3*i + 33 = 0, -3*i - 2 = a + 1. What is the remainder when 52 is divided by a?
4
Let h(u) = u**3 - 5*u**2 + u - 1. Let z be h(5). Let m = -4 - -11. Suppose -k = -3*s - m, z*s = k + 2*s - 8. Calculate the remainder when 28 is divided by k.
8
Calculate the remainder when 44 is divided by (2/6)/((-5)/(-345)).
21
Suppose k = 1 + 29. Let u = -27 + 43. What is the remainder when k is divided by u?
14
Suppose -u - 9 = -s - 0*u, 3 = -3*u. Let i = s + -1. Suppose -m = 5*p + 7 - 2, -3*m - 5*p + 35 = 0. What is the remainder when m is divided by i?
6
What is the remainder when 30 is divided by ((-18)/(-15))/((-6)/(-40))?
6
Let d(w) = -w + 37. Calculate the remainder when d(0) is divided by 10.
7
Let p = 12 - 7. Suppose -p*l - 53 + 128 = 0. Calculate the remainder when 44 is divided by l.
14
Suppose 12 = -3*o, 3*a = -2*a + 2*o + 368. What is the remainder when a is divided by 37?
35
Suppose -2*z + 65 = -17. Let s = 5 + 6. Calculate the remainder when z is divided by s.
8
Suppose -2*w = 4 - 34. What is the remainder when 27 is divided by w?
12
Let y(s) be the first derivative of 22*s**3/3 - s**2/2 + 7. Suppose 0 = -4*b + b - 3. Calculate the remainder when y(b) is divided by 12.
11
Let y be (-12)/(-8) + (-9)/2. Let i be -1 - -3 - (y - 2). Let o(b) = b**3 - 5*b**2 - 9*b - 4. Calculate the remainder when o(i) is divided by 11.
9
What is the remainder when 24/(-10)*90/(-12) is divided by 10?
8
Suppose 2*f = 4*p + 68, f - p = -8 + 39. Calculate the remainder when 137 is divided by f.
25
Calculate the remainder when (46 - -1) + 2 + -4 is divided by 12.
9
Let y(n) = 4*n**2 + 9*n - 5. Let v be 1/(-3)*-9*1. Suppose 2*p = -v*p + 85. Calculate the remainder when y(-5) is divided by p.
16
Suppose h + 2*k - 23 = 27, 0 = 5*h - k - 206. What is the remainder when h is divided by 15?
12
Suppose -2*x = -16*x + 168. What is the remainder when 71 is divided by x?
11
Suppose -4*g = -4*m + 232, -5*m + 136 = -g - 150. Calculate the remainder when 341 is divided by m.
56
Let k(s) = -s**3 - 7*s**2 - 7*s - 2. Let t be k(-6). What is the remainder when 21 - (1 - -2 - t) is divided by 12?
10
Suppose 0 = -0*f - 5*f + 105. What is the remainder when f is divided by 6?
3
Let x = -26 + 37. Calculate the remainder when 20 is divided by x.
9
Let z be 5*2*(-2)/(-4). Let u = z + 4. What is the remainder when 376/u + 4/18 is divided by 11?
9
Suppose f = -0*f + 6. What is the remainder when 38 is divided by 21/2 + (-3)/f?
8
Suppose 2*t - 4*t + 10 = 0. Let v be 2 + t + (-4)/2. Let r = -3 + v. What is the remainder when 2 is divided by r?
0
Let c = -12 - -15. Let v(f) = 17*f + 3. Calculate the remainder when v(c) is divided by 28.
26
Suppose -4*u = -u - 3. What is the remainder when u is divided by 1?
0
Suppose -m - 2 = f, 25 = 2*f + 3*f - 2*m. Suppose f*n - 14 = 1. Calculate the remainder when 14 is divided by n.
4
Let h(w) = -35*w. Let m(v) = -v**3 - 3*v**2 + v + 2. Let i be m(-3). Suppose -56 = -3*k - 20. Calculate the remainder when h(i) is divided by k.
11
Let k = -14 - -9. Let f(w) = -w**3 - 5*w**2 - w + 6. Calculate the remainder when 31 is divided by f(k).
9
Let v = -10 - -21. Calculate the remainder when 32 is divided by v.
10
Let d(g) = -g**2 + 11*g + 6. Calculate the remainder when 10 is divided by d(11).
4
Let q(c) = -c + 1. Let l be q(1). Let g(x) = -x**2 + 47. What is the remainder when g(l) is divided by 24?
23
Suppose 34 = 2*h - 4*o, 0 = -5*h - 0*o - o + 118. Calculate the remainder when h is divided by 12.
11
Suppose 0*f - 4*f + 3*d = -79, 2*f - 4*d - 42 = 0. Let y = 33 - f. Calculate the remainder when 41 is divided by y.
13
Let q(x) = x**2 - 2*x - 1. Let s be q(6). Let j = s - 14. Suppose -4*r + 110 - 6 = 0. What is the remainder when r is divided by j?
8
Let g(s) = s**2 - 6*s + 5. Calculate the remainder when ((-180)/(-70))/((-2)/(-14)) is divided by g(6).
3
Let t(o) = -8*o + 4. Calculate the remainder when t(-9) is divided by 26.
24
Let i(f) = f**3 - 13*f**2 + 23*f - 63. What is the remainder when i(12) is divided by 20?
9
Suppose 10 = 2*o, 5*a - o + 2*o = 60. Let f = 9 + 1. Let w(g) = g**2 - 7*g + 1. Calculate the remainder when w(f) is divided by a.
9
Calculate the remainder when (-4)/(-10) - (-1351)/35 is divided by 10.
9
Let w(c) = -c**2 - 8*c. Let g = -2 + 5. Suppose 4*f = 4*j - 88, 5*j = 4*j + g*f + 20. What is the remainder when j is divided by w(-6)?
11
Suppose -2*a - 13 = -5*r, 9*r - 6*r = 3*a + 15. Suppose 2*x - 4 = -2. Suppose 0 = -3*g + 2 + x. What is the remainder when r is divided by g?
0
Let y(g) = -10*g - 14. What is the remainder when y(-17) is divided by 53?
50
Suppose -120 = -4*f - 3*n, f - 33 = 5*n - 3. What is the remainder when 89 is divided by f?
29
Let t = -398 + 421. Let o = 24 - -43. What is the remainder when o is divided by t?
21
Suppose -t + 14 = -2*t. Let g = -9 - t. What is the remainder when g is divided by 3?
2
Let u = -4 + -1. Let n(p) be the second derivative of p**4/12 + p**3/6 + 3*p**2/2 + 3*p. What is the remainder when n(u) is divided by 8?
7
Let p = -96 + 157. Calculate the remainder when p is divided by 9.
7
Let l(d) = d**2 - d. Let j be l(-1). Let k(m) = -m**3 + 8*m**2 - 4*m + 3. Calculate the remainder when k(5) is divided by j/8 - 158/(-8).
18
Let q(d) = -2*d**3 + 3*d**3 - 1 - 3*d - d**2 + d + 3*d**3. What is the remainder when 45 is divided by q(2)?
22
Suppose 38 + 2 = 4*x. Suppose -x = 3*m + 2. Let c = -1 - m. What is the remainder when c is divided by 2?
1
What is the remainder when 4/10 + (-1832)/(-20) is divided by 31?
30
Suppose -r = -v - 11, -3*r - 2*v = -7*v - 41. Suppose 3*z - 20 = 2*g, 2*g + 6 = 4*z - 18. Calculate the remainder when r is divided by z.
3
Let g = 6 + 11. What is the remainder when 58 is divided by g?
7
Let s = -30 - -42. What is the remainder when 66 is divided by (-411)/(-18) - (-2)/s?
20
Calculate the remainder when (5 + -1 - 3)*1*32 is divided by 17.
15
Let m be (-18)/(-8) - 2/8. Suppose -m*a + 137 = a + 4*j, 5*a = -j + 251. Let w = a - 34. What is the remainder when w is divided by 6?
5
Let k = 4 + -5. What is the remainder when 14 is divided by (6/k)/(3/(-4))?
6
Suppose -13*s - 213 = -16*s. What is the remainder when s is divided by 25?
21
Let s(x) be the first derivative of 2*x**3/3 + 3*x**2/2 - 3*x + 6. Suppose 0 = -g - g - 6. Calculate the remainder when 17 is divided by s(g).
5
Let p = 55 + 106. Suppose p + 135 = 4*u. What is the remainder when u is divided by 25?
24
Let v = 27 + -13. Calculate the remainder when 81 is divided by v.
11
Let w be (-10)/(-45) + (-34)/(-9). Suppose -4 = 4*b - 16, 5*i + w*b = 237. Calculate the remainder when i is divided by 24.
21
Let n(m) = -m**2 + m + 2. Let x be n(0). Suppose -4*y - 44 = -x*g, 4*g + 11 = -4*y + 51. Calculate the remainder when 40 is divided by g.
12
Let p = -2 - -7. What is the remainder when 17 is divided by p?
2
Let v = 1 + 1. Let n = 8 - v. Calculate the remainder when 6 is divided by (-18)/(-4) + (-3)/n.
2
Suppose -5*k + 2*k = x - 44, 5*k - x = 76. What is the remainder when 29 is divided by k?
14
Let i = 3 - 1. Suppose -5*y + 14 = -r, -i*r + 17 = -0*r - y. Calculate the remainder when 20 is divided by r.
9
Suppose 2*s - 4*s + 38 = -4*j, 4*s + j - 31 = 0. What is the remainder when 17 is divided by s?
8
Let z(c) = 2*c**2 + c - 3. Suppose a - 11 + 1 = 3*u, -3*u + 2*a - 5 = 0. Let i = u - -15. Calculate the remainder when z(3) is divided by i.
8
Let v(i) = -i + 6. Suppose 0*x + x = y - 9, -16 = 4*x. Suppose 2*m + h = -1, 2 = -h - 1. Calculate the remainder when m is divided by v(y).
0
Suppose 2*g + g - 3 = 0. Let w be 0/g - (2 + 23). Let f = w - -46. What is the remainder when f is divided by 11?
10
Let l(x) = -x**2 - 10*x - 8. Let u be l(-8). Suppose -u = 2*j - 6*j. Calculate the remainder when j is divided by 2.
0
Suppose -24 = 6*s - 2*s. Let a(m) = 2*m**2 - 13*m - 12. Let k(y) = y**2 - y - 1. Let u(c) = a(c) - 3*k(c). What is the remainder when 29 is divided by u(s)?
14
Let q be (-10)/(-4) - (-6)/12. Suppose 0 = q*f - 7*f + 120. Calculate the remainder when f is divided by 11.
8
Let v = 7